 Calculate t(-6).
0
Let n(w) = 31*w**2 + 2*w - 272. Give n(0).
-272
Let f(j) = -j**3 - 5*j**2 - 7*j - 169. Determine f(-7).
-22
Let q(j) = 28*j + 749. Give q(-28).
-35
Let u(x) = -2*x**2 - 3*x + 5044. Give u(-51).
-5
Let k(w) = -w**3 - 11*w**2 + 4*w + 117. Give k(-9).
-81
Let t(q) = -2*q**2 + 70*q - 508. Give t(7).
-116
Let a(k) = -20*k**3 - 2042*k**2 - 195*k + 925. Give a(-102).
7
Let l(s) = -2*s**2 + 61*s + 10. Give l(32).
-86
Let s(y) = -y**3 + 43*y + 12. Give s(7).
-30
Let h(a) = -2*a**3 + 31*a**2 - 119*a + 10. Give h(7).
10
Let l(d) = -131*d + 362. Give l(3).
-31
Let j(w) = -65*w - 1332. Calculate j(-18).
-162
Let p(j) = -j**2 - 10*j + 563. Give p(-26).
147
Let l(g) = -g**3 + 18*g**2 - 55*g + 13. Give l(14).
27
Let c(h) = h**3 - 18*h**2 + 38*h - 68. Calculate c(16).
28
Let o(y) = 3*y**3 - 75*y**2 + 38*y - 953. Give o(25).
-3
Let p(h) = -465*h + 2791. Determine p(6).
1
Let s(y) = -y**2 - 6*y - 278. What is s(0)?
-278
Let z(n) = 9*n - 56. Give z(6).
-2
Let i(q) = -q**2 - 19*q - 56. Calculate i(-24).
-176
Let y(w) = 77*w - 4306. What is y(56)?
6
Let v(f) = 3*f**2 + 1315*f + 13267. What is v(-428)?
-1
Let c(i) = -i**3 - 13*i**2 + 1139*i + 260. What is c(28)?
8
Let x(o) = -o**3 - 8*o**2 + 165*o - 412. Determine x(7).
8
Let a(q) = -326*q - 1238. Calculate a(-4).
66
Let t(m) = -m**2 - 12*m + 46. Determine t(4).
-18
Let c(s) = s**2 - 1515*s - 6047. Calculate c(-4).
29
Let n(a) = 5*a**2 + 284*a - 94. Give n(-57).
-37
Let c(m) = 8499*m - 42507. Determine c(5).
-12
Let x(g) = 2*g**2 + 321*g - 1633. Determine x(5).
22
Let i(m) = -m**3 - 41*m**2 - 27*m + 1997. Determine i(-39).
8
Let u(b) = -2774*b - 13848. What is u(-5)?
22
Let t(s) = -136*s**3 - 5*s**2 - 5*s. Calculate t(-1).
136
Let k(n) = -380*n + 1145. Determine k(3).
5
Let o(j) = -j**3 - j**2 - 14*j + 15. What is o(0)?
15
Let w(o) = 9*o**2 + 345*o + 448. Give w(-37).
4
Let n(m) = m**2 + 273*m - 13604. Calculate n(43).
-16
Let z(a) = a**3 + 40*a**2 - 107*a - 973. Give z(-42).
-7
Let j(t) = -27*t**2 + 108*t - 458. Determine j(4).
-458
Let g(d) = -18*d + 371. Calculate g(21).
-7
Let d(a) = 33*a - 496. Give d(15).
-1
Let n(t) = -33*t**2 - 13*t + 33. Give n(2).
-125
Let c(n) = -161*n**3 + 5*n**2 - 13*n - 1. What is c(2)?
-1295
Let g(y) = 28*y - 11. Determine g(-1).
-39
Let j(i) = -92*i - 898. Determine j(-12).
206
Let m(r) = -r**3 + 63*r**2 - 936*r + 8. Calculate m(39).
8
Let x(r) = 316*r + 10298. Determine x(-33).
-130
Let m(k) = 25*k**2 + 401*k + 12. Give m(-16).
-4
Let u(a) = 3*a**2 + 836*a + 6503. Determine u(-8).
7
Let t(y) = y**2 - 51*y + 425. Give t(11).
-15
Let t(z) = 480*z + 4365. Calculate t(-9).
45
Let j(d) = -6*d**2 - 89*d + 14. Determine j(-15).
-1
Let i(z) = -z**3 + 6*z**2 + 41*z - 22. What is i(11)?
-176
Let t(j) = -2*j**3 + 15*j**2 + 15*j - 95. What is t(6)?
103
Let y(t) = t**3 + 42*t**2 - t + 35. What is y(-42)?
77
Let x(z) = -11*z + 673. Determine x(16).
497
Let l(p) = 8*p - 178. Determine l(29).
54
Let u(x) = -23*x + 599. What is u(26)?
1
Let y(q) = 9*q + 113. Calculate y(0).
113
Let p(g) = -46*g**2 - 8*g - 6. Give p(-1).
-44
Let i(r) = 159*r - 7. Give i(2).
311
Let y(h) = 2*h**3 - 186*h**2 - 199*h + 1097. Determine y(94).
63
Let w(u) = -1611*u + 6442. Determine w(4).
-2
Let x(k) = k**2 - 23*k - 150. What is x(27)?
-42
Let l(b) = 3*b**3 - 23*b**2 + 6*b + 58. Give l(10).
818
Let f(n) = 4*n**2 + 15*n - 515. What is f(-15)?
160
Let v(w) = 2*w**2 - 2*w - 14. What is v(7)?
70
Let n(m) = 3*m**3 - 231*m**2 - 8*m + 617. Calculate n(77).
1
Let s(n) = 10*n + 330. Calculate s(-40).
-70
Let a(u) = -u**2 + 11*u + 92. Determine a(-5).
12
Let n(z) = -z**3 + 101*z**2 - 636*z - 6. Calculate n(7).
148
Let a(v) = -1899*v - 9493. Determine a(-5).
2
Let l(f) = -f**3 + 21*f**2 - 5*f - 298. Determine l(20).
2
Let x(r) = -12*r**2 - 2*r - 13. Calculate x(2).
-65
Let r(v) = -v**2 + 66*v + 598. Give r(-9).
-77
Let l(a) = 53*a + 2014. Give l(-38).
0
Let z(x) = -x**3 - 13*x**2 + 240*x + 230. Determine z(-23).
0
Let g(f) = -2*f**2 - 10*f + 100. Calculate g(-10).
0
Let q(x) = 2*x**3 - 8*x**2 + x + 8. Determine q(3).
-7
Let n(o) = o**3 - 11*o**2 + 28*o - 26. What is n(8)?
6
Let c(u) = -u**3 - 28*u**2 - 6*u - 98. What is c(-28)?
70
Let m(p) = p**3 + 23*p**2 - 19*p + 57. Give m(-24).
-63
Let a(m) = -2135*m - 55495. Determine a(-26).
15
Let j(s) = s**2 - 1988*s + 3971. Calculate j(2).
-1
Let w(f) = 4411*f - 13242. Determine w(3).
-9
Let h(b) = -7246*b - 50693. Calculate h(-7).
29
Let r(c) = c**3 - 4*c**2 - 17*c - 32. Determine r(-4).
-92
Let u(y) = 10*y + 23. Calculate u(3).
53
Let v(n) = -n**2 - 17*n - 21. Calculate v(-20).
-81
Let m(y) = 350*y + 11496. Calculate m(-33).
-54
Let q(u) = -3*u**3 - 19*u**2 + 58*u + 185. What is q(-8)?
41
Let q(m) = -1981*m - 17827. Calculate q(-9).
2
Let b(w) = -w**3 + 132*w**2 - 4291*w - 109. Give b(58).
-51
Let c(x) = 3*x**2 + 124*x + 3. Calculate c(-41).
-38
Let p(w) = -352*w**2 - 29*w - 8. Calculate p(-2).
-1358
Let c(h) = h**2 + 25*h + 216. Give c(-23).
170
Let q(t) = t**3 + 5*t**2 + 48*t - 231. Give q(5).
259
Let a(k) = -24*k + 440. Determine a(15).
80
Let o(x) = 95*x + 1121. Calculate o(-11).
76
Let x(z) = -2*z**2 + 29*z + 19. What is x(18)?
-107
Let x(m) = m**2 + 290*m - 2381. Calculate x(8).
3
Let n(x) = -30*x + 171. Give n(-9).
441
Let x(t) = 83*t - 11450. What is x(138)?
4
Let a(f) = -2*f**3 - 14*f**2 + 19*f - 10. Calculate a(-11).
749
Let y(s) = 341*s - 20458. What is y(60)?
2
Let g(i) = -12*i**2 - 31*i - 31. Give g(-1).
-12
Let l(s) = 3*s**3 - 9*s**2 + 26*s - 110. Determine l(4).
42
Let b(d) = d**3 + 58*d**2 + 112*d + 7. Calculate b(-56).
7
Let j(o) = -113*o**2 - 29*o + 47. Determine j(2).
-463
Let h(f) = -4*f**3 + 4*f**2 + 25*f - 102. What is h(4)?
-194
Let m(n) = -9*n + 235. Give m(26).
1
Let a(x) = -91*x + 3275. What is a(36)?
-1
Let x(o) = -19*o - 130. Determine x(-4).
-54
Let q(f) = 4628*f - 27764. Determine q(6).
4
Let k(x) = -x**3 + 16*x**2 - 110*x + 1. Calculate k(8).
-367
Let b(u) = u**3 + 20*u**2 + 66*u + 25. Give b(-16).
-7
Let h(r) = 7*r**2 - 517*r - 79. Determine h(74).
-5
Let p(d) = d**3 + d**2 - 2*d - 10. What is p(0)?
-10
Let t(z) = 34*z - 1298. Give t(40).
62
Let n(w) = -131*w - 1037. Determine n(-8).
11
Let q(x) = -24*x**3 - 2*x**2 + 23*x + 24. Give q(-1).
23
Let p(g) = -145*g**2 + 254*g + 3. Determine p(2).
-69
Let g(k) = 118*k - 20189. Calculate g(171).
-11
Let m(i) = -i**3 - 545*i**2 - 6394*i - 9. What is m(-12)?
-33
Let x(t) = -131*t + 452. Determine x(3).
59
Let y(o) = o**3 + 37*o**2 + 63*o - 127. What is y(-35)?
118
Let o(s) = s**3 - 22*s**2 + 135*s - 183. Give o(12).
-3
Let y(t) = t**3 - 14*t**2 + 23*t - 57. Determine y(12).
-69
Let a(f) = 26*f - 2367. Calculate a(93).
51
Let h(z) = -z**3 - 36*z**2 - 240*z - 425. Calculate h(-28).
23
Let x(h) = -h**2 + 80*h + 52. Give x(81).
-29
Let n(h) = 3*h**3 + 3*h**2 + 2*h - 1. Give n(3).
113
Let s(w) = -91*w - 111. What is s(-1)?
-20
Let s(o) = 2960*o + 35506. Calculate s(-12).
-14
Let t(o) = o**3 + 15*o**2 - 23*o - 193. Give t(-16).
-81
Let t(l) = -l**3 - 14*l**2 + 18*l + 39. Calculate t(-15).
-6
Let r(w) = 190*w + 2470. What is r(-13)?
0
Let s(i) = -2*i**2 + 67*i + 10474. What is s(91)?
9
Let m(p) = p**2 - 267*p + 1794. Give m(7).
-26
Let w(o) = 4290*o + 356063. Give w(-83).
-7
Let o(s) = 5*s**3 - 3*s**2 - 7*s - 18. Determine o(-3).
-159
Let g(h) = -h**3 + 8*h**2 - 80*h + 1. Give g(7).
-510
Let w(s) = 82*s - 494. Determine w(6).
-2
Let g(q) = 3*q**2 + 36*q + 212. What is g(-8)?
116
Let j(c) = c**2 - 92*c + 1750. Calculate j(65).
-5
Let r(a) = -a**3 - 22*a**2 - 118*a - 56. Determine r(-8).
-8
Let t(o) = 7*o**2 - 15*o - 2. Give t(-2).
56
Let k(g) = -g**2 + 100*g - 299. Give k(3).
-8
Let n(b) = -b**2 + 31*b + 141. Determine n(17).
379
Let u(t) = -3*t**2 + 37*t + 172. Give u(-4).
-24
Let u(j) = j**3 + 15*j**2 + 50*j + 125. What is u(-12)?
-43
Let j(y) = 284*y - 7084. Determine j(25).
16
Let l(k) = -8*k**3 + 7*k + 9. Determine l(-2).
59
Let d(n) = 7*n**3 - 2*n**2 - 24*n + 26. Give d(1).
7
Let a(p) = 11*p**3 + 882*p**2 + 163*p + 232. Give a(-80).
-8
Let x(q) = -99*q - 740. Calculate x(-6).
-146
Let h(c) = -c**3 + 50*c**2 - 366*c - 151. Give h(41).
-28
Let y(l) = l**3 + 57*l**2 - 2483*l - 323. Calculate y(29).
-4
Let f(m) = 131*m - 40. Give f(4).
484
Let k(t) = -t**3 + 11*t**2 - 8*t + 21. Give k(10).
41
Let 